115145103
In base 11, what is -72912 - -10?
-72902
In base 15, what is c - 2c5688e?
-2c56882
In base 4, what is 211 + 12233001000?
12233001211
In base 13, what is 7 - 23a398?
-23a391
In base 5, what is 12121100 - 340?
12120210
In base 15, what is 106bca5 - 4?
106bca1
In base 3, what is -122111010201 + 221102?
-122110012022
In base 12, what is 6b + -1aa0b8b?
-1aa0b20
In base 4, what is 1212100230 + -332?
1212033232
In base 14, what is d9 + 76642?
7673b
In base 6, what is -5 - 22443342235?
-22443342244
In base 7, what is 3414 + 360513?
364230
In base 10, what is 157 - 615325?
-615168
In base 15, what is da24a63 - 5?
da24a5d
In base 6, what is -1211120455 - -44?
-1211120411
In base 4, what is 3032003203 - 2?
3032003201
In base 13, what is 877 + 1160?
1a07
In base 14, what is 0 - -3855bd8?
3855bd8
In base 3, what is -12122001111112022 + 10?
-12122001111112012
In base 16, what is -1 + 949410?
94940f
In base 3, what is 11 + 1010222102121112?
1010222102121200
In base 7, what is -545 + 523450?
522602
In base 12, what is 12 + -460756b?
-4607559
In base 2, what is -101111011001111000101 + 1100?
-101111011001110111001
In base 10, what is 36 + 1983918?
1983954
In base 8, what is -25604565 + 7?
-25604556
In base 8, what is 136365402 + -5?
136365375
In base 10, what is 11891 - -6323?
18214
In base 8, what is 111 + -11172075?
-11171764
In base 14, what is -66a3 - -39c?
-6305
In base 6, what is -13510223443 + -3?
-13510223450
In base 5, what is -1033 - 424332?
-430420
In base 9, what is 8 - -5747140?
5747148
In base 3, what is -1 - 200222110120211?
-200222110120212
In base 9, what is 116178 - -182?
116371
In base 15, what is b7 - 4831ee?
-483137
In base 4, what is -3100201 - 3103331?
-12210132
In base 12, what is aa7 - -23370?
24257
In base 10, what is -8 - -624666?
624658
In base 12, what is 4459173 + 3?
4459176
In base 4, what is 2030300 - -121000?
2211300
In base 11, what is -46015118 + 3?
-46015115
In base 15, what is 225175 + 35?
2251aa
In base 2, what is -1101111000010010 - -11100000001?
-1101011100010001
In base 4, what is 2122 - -3102012320?
3102021102
In base 13, what is -555a54 - -5?
-555a4c
In base 14, what is -281 - -241ab?
23d2a
In base 7, what is -42 - 26260060?
-26260132
In base 14, what is 51 - -21d4688?
21d46d9
In base 3, what is -122011112212111021 + -11?
-122011112212111102
In base 12, what is -4 + -3b59011?
-3b59015
In base 5, what is 1202142 - -11040?
1213232
In base 3, what is -121200120102 + -11221?
-121200202100
In base 9, what is -5 + 182348781?
182348775
In base 2, what is -10011 + -10011110110010001010001?
-10011110110010001100100
In base 2, what is 0 + 1001010001011010000110010?
1001010001011010000110010
In base 8, what is 5 - -5304027?
5304034
In base 4, what is 1113131001230 + -2?
1113131001222
In base 12, what is 203 - -21a43?
22046
In base 11, what is -7 - 671639?
-671645
In base 16, what is -57b6d - -40?
-57b2d
In base 2, what is 11101110 + 110111001000001110?
110111001011111100
In base 16, what is 5 - -144526e?
1445273
In base 14, what is 4161c + 5?
41623
In base 14, what is -1 - 387d1a1?
-387d1a2
In base 2, what is 11001111 + 1001000101101000001?
1001000110000010000
In base 9, what is -57672 + 671?
-57001
In base 12, what is 661 - -69289?
6992a
In base 15, what is -37511c + -5?
-375122
In base 8, what is 6521244 - -10?
6521254
In base 5, what is 11121300 + -303?
11120442
In base 16, what is -d910 - -12e?
-d7e2
In base 13, what is 0 - 177a79a?
-177a79a
In base 15, what is -3622d70 - a?
-3622d7a
In base 15, what is -536 - 358e?
-3ac5
In base 12, what is 25ab4 - 1727?
24389
In base 8, what is 5 - -67316415?
67316422
In base 2, what is 100 + -101101000101001100100011?
-101101000101001100011111
In base 10, what is 30307858 + 3?
30307861
In base 6, what is -204 - 34130354?
-34131002
In base 14, what is -4 + -83062?
-83066
In base 6, what is -532 + 453321?
452345
In base 10, what is -2 + 1906225?
1906223
In base 12, what is -135ab23 - 3?
-135ab26
In base 9, what is 125848 - 6580?
118258
In base 3, what is -2212200211 + 20110?
-2212110101
In base 2, what is -110000010000000110 - 10101000011?
-110000100101001001
In base 14, what is -30b9 + 6dcb?
3d12
In base 16, what is -7ef - -2ab?
-544
In base 6, what is -5 - -1104525323?
1104525314
In base 9, what is 6670 + 2212?
8882
In base 2, what is -10010 - 101100000101101010000?
-101100000101101100010
In base 9, what is 11251640 - 4?
11251635
In base 10, what is -12968478 - -1?
-12968477
In base 2, what is -11011001111100001101001 - 101?
-11011001111100001101110
In base 14, what is -51b33 - 59?
-51b8c
In base 10, what is 0 + -1109391?
-1109391
In base 7, what is 316063530 + -1?
316063526
In base 16, what is 59864c2 + a?
59864cc
In base 9, what is 7268 - -41481?
48760
In base 16, what is -706e06a + -9?
-706e073
In base 3, what is -121210 - -21120110?
20221200
In base 3, what is -122202222020 - 1021?
-122210000111
In base 8, what is -512427 - 504?
-513133
In base 9, what is 22 + 54105317?
54105340
In base 9, what is -81 - 114828?
-115020
In base 11, what is 14674 + 514?
15088
In base 6, what is 500510 - 31552?
424514
In base 15, what is 0 - 711288b?
-711288b
In base 9, what is -10302583 + 5?
-10302577
In base 12, what is 10 + 4342241?
4342251
In base 10, what is 11250 + -11085?
165
In base 11, what is -8a0a + -6a673?
-78582
In base 4, what is -2100110033 + -2?
-2100110101
In base 2, what is 1001000100111010111 - -10011001?
1001000101001110000
In base 15, what is 253d5 + 38?
2541d
In base 4, what is -1122023203 + -1202?
-1122031011
In base 16, what is 5 + 40338b3?
40338b8
In base 14, what is -241b47 + 1d?
-241b28
In base 9, what is -2 + -4558882?
-4558884
In base 16, what is -df + 1b705?
1b626
In base 9, what is -31 + 7203224?
7203183
In base 10, what is 302687 - 59?
302628
In base 14, what is c5ad15 + 78?
c5ad8d
In base 16, what is -1b1a02 - -2?
-1b1a00
In base 8, what is -165 + -6427243?
-6427430
In base 11, what is -14837 - -3599?
-11249
In base 14, what is 34831 + -116?
34719
In base 14, what is 9b526a8 + -5?
9b526a3
In base 10, what is -38036 + -223?
-38259
In base 9, what is 1438 + -144211?
-142662
In base 11, what is -435857 + 402?
-435455
In base 12, what is -3 + 109b58?
109b55
In base 8, what is 5252 + 2116202?
2123454
In base 2, what is -101 - 101100111101100110001100110?
-101100111101100110001101011
In base 11, what is -471aa - -21?
-47189
In base 9, what is -1 - 642808756?
-642808757
In base 15, what is 8554 + -138?
841b
In base 2, what is 1011 - 1101001011111001010?
-1101001011110111111
In base 2, what is 11000111111111101110111001 + -1?
11000111111111101110111000
In base 7, what is 104611235 - 0?
104611235
In base 9, what is 1348878826 + -5?
1348878821
In base 6, what is 211 + 33000534?
33001145
In base 2, what is -11001 + -1000011000010001011001?
-1000011000010001110010
In base 6, what is 2100452 + -24100?
2032352
In base 9, what is 2 + -2401167?
-2401165
In base 15, what is -e71ce9 - 27?
-e71d21
In base 4, what is 10013132 - 330?
10012202
In base 6, what is -45105000 - 0?
-45105000
In base 8, what is -27244 - 526?
-27772
In base 7, what is 1010060 + -2200?
1004560
In base 13, what is 166 + 9b32?
9c98
In base 3, what is 11 - 111221200102?
-111221200021
In base 10, what is 1511 + -23046?
-21535
In base 4, what is 11 + 232101003311?
232101003322
In base 16, what is -fdf9 + a8?
-fd51
In base 11, what is 1316 + -11589?
-10273
In base 4, what is -11322033010 - 2?
-11322033012
In base 2, what is 1 - 1111001001100111001110?
-1111001001100111001101
In base 3, what is 2021 - -201221010212?
201221020010
In base 11, what is -6574650 - 2?
-6574652
In base 11, what is -440 + -5119?
-5559
In base 2, what is 10 - 110000111010111011010?
-110000111010111011000
In base 16, what is 1b103da5 - -1?
1b103da6
In base 8, what is -427523 - -1653?
-425650
In base 11, what is -315046 - 124?
-31516a
In base 14, what is -16 - b9603?
-b9619
In base 6, what is 43 - 5302324?
-5302241
In base 15, what is -1c7 + c89a5?
c87cd
In base 2, what is 10111000100110101111110 + -110110?
10111000100110101001000
In base 2, what is 1001011111001101000111 - -1?
1001011111001101001000
In base 3, what is 112002002 - -11221?
112021000
In base 3, what is 0 + 1122001101?
1122001101
In base 15, what is 1 - -33d9eda?
33d9edb
In